be (17 - 17)/(2/x). Suppose 390 = 2*k - u*k. List the prime factors of k.
3, 5, 13
Let i(d) = 8*d**2 - 3*d + 1. Let k(q) be the third derivative of q**5/60 + 3*q**4/8 + 7*q**3/2 + 14*q**2. Let h be k(-6). What are the prime factors of i(h)?
2
Suppose 796 = -3*b - z - 762, b + 510 = -5*z. Let n = b + 964. Let j = -265 + n. What are the prime factors of j?
179
Let x(s) be the second derivative of -s**4/12 + 7*s**3/6 + s. Let z be x(8). Let k = z + 83. List the prime factors of k.
3, 5
Let x = -24862 - -39112. What are the prime factors of x?
2, 3, 5, 19
Suppose 2*v - 3*v - 4*t + 264 = 0, 0 = -v + 4*t + 272. Let z(i) = 126*i - 11246. Let h be z(88). Let b = h + v. What are the prime factors of b?
2, 5, 11
Let z(k) = k**3 - 7*k**2 + 6*k. Let i be z(6). Suppose i = 5*p - 20, 5*u - 6*u = -5*p - 121. List the prime factors of u.
3, 47
Let f(r) = -5*r - 9. Let t be f(6). Let h = t - -38. List the prime factors of (18/(-45))/(h/40).
2
Let n be -15 + 12 - (-126)/((-1)/1). Let r be (-21)/9*(-2 + -79). Let p = n + r. List the prime factors of p.
2, 3, 5
Suppose -121*o = 63*o - 1719664. List the prime factors of o.
2, 4673
Let p = 76 - -34. Let r = p + -86. List the prime factors of r.
2, 3
What are the prime factors of (14 - (41 + -11)) + 32748?
2, 7, 167
Let t be 420 + (1 + -5 + 6 - 0). Let s = 279 + t. What are the prime factors of s?
701
Suppose 5*s + 5*h = 13685, 6*h + 10972 = 4*s + 22*h. List the prime factors of s.
5, 547
Suppose 0*z + 11*z = -693. List the prime factors of 238/z*-6*(4 - 1).
2, 17
Let t = 47 + -45. Suppose u - t*u = 1. What are the prime factors of u*(1 + -90) - (1 + -2)?
2, 3, 5
Let v be (-3)/(1/(-1 - (-4 + 2))). Let n be ((-9)/(-3))/v + -2 - -63. List the prime factors of n/(5/(20/3)).
2, 5
Let j = -8296 - -17095. Suppose -j = -13*k - 8*k. List the prime factors of k.
419
Let w(v) = -v - 5. Let c be w(-5). Let p be ((-572)/77 + 8)/((-4)/(-14)). Suppose c = -3*s + 2*q + 22, -5*s + 4 = -p*q - 26. What are the prime factors of s?
2
Let v be 2/(-13) + 324/78. Suppose -v*j = -3*j - 6. List the prime factors of (-10 + -3 + j)*-2.
2, 7
Suppose 2*c - 1319 = 3*m, 7*m - 1568 = -5*c + 1744. List the prime factors of c.
661
Let b = -144 + 399. Suppose -b - 355 = -5*v. What are the prime factors of v?
2, 61
What are the prime factors of 30/50 + ((-1461416)/40)/(-11)?
2, 11, 151
Suppose 5*i + 4*r - 809 = 396, -2*r - 227 = -i. Suppose 0 = 227*q - i*q + 5820. What are the prime factors of q?
2, 3, 97
Let o = 10405 + -2904. List the prime factors of o.
13, 577
List the prime factors of ((-14)/1 + -17)*-77.
7, 11, 31
Let f(v) = -2*v**2 + 2*v + 1. Let q(h) = h**2 - h. Let n be 104/(-32) - (-2)/8. Let l(s) = n*f(s) - 4*q(s). What are the prime factors of l(5)?
37
Suppose y - 4*m - 895 = 1432, -2*y + m + 4689 = 0. List the prime factors of y.
2347
Let i(d) = 2713*d**2 - 2*d + 113. List the prime factors of i(5).
2, 7, 1213
Let g be -1*(0 + (-14 - 0) + -2). Suppose 4 = 5*u - g. Suppose -10 = u*m + m, -4*c + 5*m = -266. What are the prime factors of c?
2
Let p(r) = r**3 - 35*r + 53. List the prime factors of p(23).
3, 5, 761
Let s(d) = 3*d**3 + 3*d**2 - 34*d + 60. What are the prime factors of s(9)?
2, 3, 7, 13
Let r = -166 - -293. Suppose 21 - r = -w. Suppose n - 3*j = w, -3*n - 118 = -4*n - j. What are the prime factors of n?
5, 23
Let n be 1*5*(-186)/(-155). Suppose -3*z = -n*z, 3*z = o + 5. Let y(l) = 7*l**2 - 7*l. What are the prime factors of y(o)?
2, 3, 5, 7
Suppose z - 36 = -4*z + b, 2*z + 4*b = 10. Let w(l) = 3*l**3 - 3*l**2 + 9*l + 1. Let c be w(z). Suppose c + 395 = 9*p. What are the prime factors of p?
149
Let j(h) = 1115*h - 49. List the prime factors of j(2).
3, 727
Suppose 2*v = 2*u + 20, -5 = 4*v + 7. Let t(d) = d**2 + 10*d + 15. What are the prime factors of t(u)?
2, 3
Suppose -2275180 = -102*a + 3022088. What are the prime factors of a?
2, 23, 1129
Let t(g) = 312*g + 62. List the prime factors of t(25).
2, 3931
Suppose -135*b + 221*b = 1991502. What are the prime factors of b?
3, 31, 83
Suppose -202*f - 3152855 = -10129935. What are the prime factors of f?
2, 5, 11, 157
Suppose 0 = 3*h + 9*h + 4812. Let f = h - -820. List the prime factors of f.
419
Suppose -15*v = -465 + 165. Suppose v*k + 0*k = 11680. What are the prime factors of k?
2, 73
Let b(v) = 89*v**2 + 2*v + 4. Suppose 0 = -48*s + 44*s - 12. List the prime factors of b(s).
17, 47
Suppose 0 = 4*t + q - 7227, -3*q + 34 - 1831 = -t. Suppose 0 = -6*c - 384 + t. List the prime factors of c.
3, 79
Let w = -167 - -97. Let v = 80 + w. Suppose 2*o = 0, -5*o + 376 = 2*j - v*o. List the prime factors of j.
2, 47
Suppose -5087 + 1957 = 5*m. Let b = 1106 + m. List the prime factors of b.
2, 3, 5
Let u = -15043 + 21658. Suppose -55*d = -70*d + u. List the prime factors of d.
3, 7
Let m = -5445 + 75377. What are the prime factors of m?
2, 17483
Suppose 0 = -8*z + 33 + 7. Suppose 3*s - 936 = z*p - 6*p, 0 = p. Let j = 442 - s. What are the prime factors of j?
2, 5, 13
Let z = 1927 - -6099. What are the prime factors of z?
2, 4013
Suppose -16*b + 1639 = -5*b. What are the prime factors of b/((-3)/12*-2 + 0)?
2, 149
Let l(a) = a**3 - 17*a**2 - 3*a - 15. Let y = -63 - -81. List the prime factors of l(y).
3, 5, 17
Let u(h) = -4*h**2 + 17*h - 15. Let m be u(5). What are the prime factors of (-8886)/m - 1/5?
2, 37
Let o(v) = v**3 - 5*v**2 + 3*v - 12. Let j be ((-3)/1)/((-3)/5). Let r be o(j). Suppose r = -3*f + 15, -x = -4*f - 118. What are the prime factors of x?
2, 67
Let w = -11236 - -18733. What are the prime factors of w?
3, 7, 17
Suppose 0 = 4*w - 2*p - 2, 0 = 2*w - 2*p + 2. Suppose -v + w = -1. Suppose v*u = 9*u - 744. List the prime factors of u.
2, 31
Let g be (-900)/24*(-124)/2. Suppose -14*q + s + 1851 = -10*q, -5*q - s + g = 0. What are the prime factors of q?
2, 29
Suppose -4*u + 27 = -u. Let l be 83/9 - (-16)/(-72). What are the prime factors of 6/l + 138/u?
2
List the prime factors of (-3025*(-4)/8)/(6*9/972).
3, 5, 11
Suppose -2*v = 2*w - 6*v - 52, 3*w - 3*v - 66 = 0. Let l(p) = 31*p - 143. List the prime factors of l(w).
5, 83
Let g = -21919 + 56272. What are the prime factors of g?
3, 11, 347
Let a = -123 + 129. Suppose -r = 2*r. Suppose a*g - 3*g - 237 = r. What are the prime factors of g?
79
Let a = -15 + 17. Suppose -5*m - 3*v + 3332 = 0, -3*m + a*v + 1572 = -431. What are the prime factors of m?
23, 29
Let w(v) = -v**2 + 2. Let g(c) = c**2 + 2*c + 2. Let f be g(-1). Let b be w(f). What are the prime factors of (-8)/(b + 1) - -43?
3, 13
Suppose 0 = 4*v - 8 - 0. Let u(x) = 2*x**3 - 5*x**2 + 1. Let g be u(2). What are the prime factors of v/6*-103*g?
103
Let o(f) = 101*f**2 - 13*f + 12. Let i be o(17). What are the prime factors of i/98 + 4/14?
2, 37
Suppose 11309 = 25*y - 22*y + 5*c, 2*y + 2*c = 7542. List the prime factors of y.
7, 11
Let b = 71 + -39. Suppose b - 82 = -2*w. What are the prime factors of w?
5
Suppose 0 = 453*l - 449*l + 4*u - 95300, -71539 = -3*l + 5*u. What are the prime factors of l?
23833
Let w be -2 + (2 - 61/(-1)). Suppose 27 + w = 8*v. Suppose -v*s - 138 = -17*s. List the prime factors of s.
23
Suppose -4273 = -13*k + 8857. Suppose 4*l + 2*y = k, -236 - 1025 = -5*l - y. What are the prime factors of l?
2, 3, 7
Let a(k) be the second derivative of k**4/4 + 4*k**3/3 - 4*k**2 - 1016*k. Suppose 3*b = 4*b + 10. List the prime factors of a(b).
2, 53
Let c be 5/2 - 2 - (-45)/6. Suppose -1766 = -c*m + 1402. List the prime factors of m.
2, 3, 11
Let r(x) = 2*x**2 + 21*x + 12. Let s be r(-10). Let n(l) = -l + 17*l + 22 - 12 - l**s. What are the prime factors of n(12)?
2, 29
Let k(c) = -8*c + 12 + 10*c + 7*c - 5*c**2 - c**3. Let m be k(-8). Let n = m - 86. List the prime factors of n.
2, 23
Suppose 0 = -5*v + 4*v - 113. Let t(m) = 4*m**3 + 16*m**2 - 7*m - 12. Let g be t(-5). Let z = g - v. What are the prime factors of z?
2, 3
Suppose -4*v - 102 = 5*z - 744, 6 = -3*z. Suppose 171*c - 2088 = v*c. What are the prime factors of c?
3, 29
Let t = 161502 + -110591. What are the prime factors of t?
7, 1039
Suppose -3*b + 78 + 99 = 0. Let n = 69 - b. Let g(p) = -p**3 + 10*p**2 + 2*p + 5. List the prime factors of g(n).
5
Let s = -3 - -5. Suppose s*o + 26 = -5*n + 163, 0 = 4*n - 20. List the prime factors of o.
2, 7
Let a(c) = -2*c**2 + 73*c - 38. Let b be a(36). Let p(